{"id":16,"date":"2025-12-07T07:58:50","date_gmt":"2025-12-07T07:58:50","guid":{"rendered":"https:\/\/leads.top-amenities.com\/?page_id=16"},"modified":"2025-12-07T07:59:20","modified_gmt":"2025-12-07T07:59:20","slug":"impressum","status":"publish","type":"page","link":"https:\/\/leads.top-amenities.com\/index.php\/impressum\/","title":{"rendered":"Impressum"},"content":{"rendered":"<p>[et_pb_section fb_built=&#8220;1&#8243; _builder_version=&#8220;4.9.7&#8243; _module_preset=&#8220;default&#8220;][et_pb_row _builder_version=&#8220;4.9.7&#8243; _module_preset=&#8220;default&#8220;][et_pb_column _builder_version=&#8220;4.9.7&#8243; _module_preset=&#8220;default&#8220; type=&#8220;4_4&#8243;][et_pb_text _builder_version=&#8220;4.9.7&#8243; _module_preset=&#8220;default&#8220; hover_enabled=&#8220;0&#8243; sticky_enabled=&#8220;0&#8243;]<\/p>\n<p><span>Gesetzliche Anbieterkennung:<\/span><\/p>\n<p><span>JRG Trading GmbH<br \/><\/span><span>diese vertr. d. d. Gesch\u00e4ftsf\u00fchrer Rocco Gerber<br \/><\/span><span>Zietenstra\u00dfe 9<br \/><\/span><span>12249 Berlin<br \/><\/span><span>Deutschland<br \/><\/span><span>Telefon: 030 2357 3470<br \/><\/span><span>E-Mail: info@top-amenities.com<\/span><\/p>\n<p><span>USt-IdNr.: DE361674706<br \/><\/span><span>eingetragen im Handelsregister des Amtsgerichtes Berlin<br \/><\/span><span>Handelsregisternummer HRB 253670 B<\/span><\/p>\n<p>[\/et_pb_text][\/et_pb_column][\/et_pb_row][\/et_pb_section]<\/p>\n","protected":false},"excerpt":{"rendered":"<p>[et_pb_section fb_built=&#8220;1&#8243; _builder_version=&#8220;4.9.7&#8243; _module_preset=&#8220;default&#8220;][et_pb_row _builder_version=&#8220;4.9.7&#8243; _module_preset=&#8220;default&#8220;][et_pb_column _builder_version=&#8220;4.9.7&#8243; _module_preset=&#8220;default&#8220; type=&#8220;4_4&#8243;][et_pb_text _builder_version=&#8220;4.9.7&#8243; _module_preset=&#8220;default&#8220; hover_enabled=&#8220;0&#8243; sticky_enabled=&#8220;0&#8243;] Gesetzliche Anbieterkennung: JRG Trading GmbHdiese vertr. d. d. Gesch\u00e4ftsf\u00fchrer Rocco GerberZietenstra\u00dfe 912249 BerlinDeutschlandTelefon: 030 2357 3470E-Mail: info@top-amenities.com USt-IdNr.: DE361674706eingetragen im Handelsregister des Amtsgerichtes BerlinHandelsregisternummer HRB 253670 B [\/et_pb_text][\/et_pb_column][\/et_pb_row][\/et_pb_section]<\/p>\n","protected":false},"author":1,"featured_media":0,"parent":0,"menu_order":0,"comment_status":"closed","ping_status":"closed","template":"","meta":{"_et_pb_use_builder":"on","_et_pb_old_content":"","_et_gb_content_width":"","footnotes":""},"class_list":["post-16","page","type-page","status-publish","hentry"],"_links":{"self":[{"href":"https:\/\/leads.top-amenities.com\/index.php\/wp-json\/wp\/v2\/pages\/16","targetHints":{"allow":["GET"]}}],"collection":[{"href":"https:\/\/leads.top-amenities.com\/index.php\/wp-json\/wp\/v2\/pages"}],"about":[{"href":"https:\/\/leads.top-amenities.com\/index.php\/wp-json\/wp\/v2\/types\/page"}],"author":[{"embeddable":true,"href":"https:\/\/leads.top-amenities.com\/index.php\/wp-json\/wp\/v2\/users\/1"}],"replies":[{"embeddable":true,"href":"https:\/\/leads.top-amenities.com\/index.php\/wp-json\/wp\/v2\/comments?post=16"}],"version-history":[{"count":3,"href":"https:\/\/leads.top-amenities.com\/index.php\/wp-json\/wp\/v2\/pages\/16\/revisions"}],"predecessor-version":[{"id":19,"href":"https:\/\/leads.top-amenities.com\/index.php\/wp-json\/wp\/v2\/pages\/16\/revisions\/19"}],"wp:attachment":[{"href":"https:\/\/leads.top-amenities.com\/index.php\/wp-json\/wp\/v2\/media?parent=16"}],"curies":[{"name":"wp","href":"https:\/\/api.w.org\/{rel}","templated":true}]}}